of u(5).
3, 7, 17
Let o(j) = 10*j + 125. What are the prime factors of o(24)?
5, 73
Let p(c) = c**3 + 17*c**2 - 18*c + 14. List the prime factors of p(-12).
2, 5, 19
What are the prime factors of (8 + -29)*7406/(-49)?
2, 3, 23
Suppose 0 = -5*z - 0*y - 2*y + 13, 0 = 3*z - 4*y - 13. Suppose 0 = 2*k + 4*s - 188, -2*k + 191 = -0*k + z*s. List the prime factors of k.
2, 5
Let a = 417 - -687. List the prime factors of a.
2, 3, 23
Suppose 0 = -53*x + 2*x + 313242. List the prime factors of x.
2, 37, 83
Suppose -2*o + 10 = 2*u - 3*u, -o = 5*u + 6. What are the prime factors of (-14 - 4)*u/3?
2, 3
Suppose -5*b + 83 = -2*z, 3*z - 1 = b + 7*z. List the prime factors of b.
3, 5
Let x(o) = 14*o + 1 - 16*o + 3. What are the prime factors of x(-5)?
2, 7
Let p(n) = 50*n + 15. Let f be p(3). Let r = 282 - f. What are the prime factors of r?
3, 13
Suppose -4*s - t + 4834 = -1809, -5*s + 5*t = -8310. List the prime factors of s.
11, 151
Let z = -286 + 576. Let m = z - 153. What are the prime factors of m?
137
Let n(t) = t**3 + 16*t**2 - 4*t + 1. Let c be n(-13). Suppose -3*y - 4*x + 307 = 0, 3*x = 3*y + 2*y - c. What are the prime factors of y?
109
Let j(v) = -v**3 - 6*v**2 + 4*v + 10. Let b be j(-8). Let x = -150 + 89. Let m = b + x. What are the prime factors of m?
3, 5
Let u(i) be the third derivative of -i**4/3 + 4*i**3/3 + 24*i**2. List the prime factors of u(-16).
2, 17
Suppose -4*g - 3*g - g = 0. Suppose g = v + 5*v - 228. List the prime factors of v.
2, 19
Suppose 14 - 2 = -2*m. Let x = m - -36. Suppose 2*b - 7*b = -x. What are the prime factors of b?
2, 3
Let c be (-3)/5 - 4*(-452)/(-20). Let p = c + 155. What are the prime factors of p?
2
List the prime factors of 834/(-1*(-3)/(9/6)).
3, 139
Let b(k) = k**2 + 2*k - 3. Let a be b(2). Suppose 0 = a*d + z - 340, -3*d + 178 = -5*z - 26. What are the prime factors of d?
2, 17
Let i(t) = 2*t - 2. Let d be i(2). Suppose 0 = 3*u - 6*u + 9, 0 = -3*x - d*u + 591. List the prime factors of -5*1*x/(-13).
3, 5
Let j(o) = 6 - 14 - 3*o + o**3 - 2*o + 9*o**2 - 7*o. List the prime factors of j(-10).
2, 3
Let w be (-3)/(-2)*(-36)/(-27). Suppose 18 = 4*p + 2*s, -36 = -4*p + 6*s - w*s. List the prime factors of p.
2, 3
List the prime factors of (-435)/(-2) - 549/366.
2, 3
Let a(k) = -k**3 - 17*k**2 + 9*k + 19. Let w be a(-14). What are the prime factors of (0 + 1 + w)*(-2)/4?
347
Suppose -5*u + 4*s + 3731 = -456, -2525 = -3*u - 4*s. List the prime factors of u.
839
Suppose -3*i = 2*i - 30. Let z = 142 - 109. What are the prime factors of (z/(-6))/((-1)/i)?
3, 11
Suppose -x = 3*k - 1510, -7*k + 4*k + 5*x + 1486 = 0. List the prime factors of k.
2, 251
Suppose -2*u - 1 = 3*p + 8, -4*u + 3*p + 9 = 0. Suppose u = g - 5*v - 220, 6 = -v + 1. List the prime factors of g.
3, 5, 13
List the prime factors of (342/(-45))/(24/25 + -1).
2, 5, 19
Let r(c) = -c**3 + 2*c**2 + 8*c - 7. Let d be r(4). List the prime factors of (-12)/(-28) + (-67)/d.
2, 5
List the prime factors of 35/15 + 28/(-6)*-175.
3, 7, 13
Let l(k) = 4*k + 19*k + 25 - 17. What are the prime factors of l(2)?
2, 3
Let a be (-2 - -5)*(1540/(-15))/4. Let w = -42 - a. List the prime factors of w.
5, 7
Suppose -5*l + 32 = -l. Let b(c) = c**3 - 8*c**2 - 2*c + 17. Let y be b(l). Let p(z) = 36*z**3 - z**2 - z + 1. List the prime factors of p(y).
5, 7
Let k(y) = -y**3 + 33*y**2 - 9*y - 17. List the prime factors of k(7).
2, 3, 199
Suppose 3*v - 25 + 4 = 0. Let n be 6*v - (-12 - -14). What are the prime factors of 32/n + 252/10?
2, 13
Suppose 5*x = g + 3*x - 3659, 0 = -5*x. What are the prime factors of g?
3659
Suppose 3*t = -2*t + 25. List the prime factors of 54/(-5)*t/(-2).
3
Let r(b) = -b**2 - 1. Let o(l) = -3*l**2 + 14*l + 7. Let f(m) = o(m) - 2*r(m). What are the prime factors of f(14)?
3
Suppose -u - 11285 = -3*f, f - 4*u + 7542 = 3*f. List the prime factors of f.
53, 71
List the prime factors of 9040/11 - (-50)/275.
2, 3, 137
Let f be (-16)/8 - (-2)/1. Suppose -2*o + 4 = -f*o. Suppose 0 = -t + 5*d + 35, -o*d + 4 = 2*d. What are the prime factors of t?
2, 5
Let x = 31 + -21. Suppose -2*k - x = -h, -6*h = -2*h + 5*k - 105. List the prime factors of h.
2, 5
Suppose 419*s + 2 = 420*s. What are the prime factors of (s - (-3 + 3)) + 132?
2, 67
Let x(w) = 28*w - 6. Let p be x(2). Suppose -3*c + p = 2*j, -4*j = -c - 2*c - 82. What are the prime factors of j?
2, 11
Suppose -2*m + 8 = 5*b + 3, -2*b - 2*m = 4. List the prime factors of 4 + b + 43/1.
2, 5
Let z = -673 + 1245. What are the prime factors of z?
2, 11, 13
Let d = -1333 + 2785. List the prime factors of d.
2, 3, 11
Let v be (3/2)/(3/4). Suppose 4*d + 10 - v = 0. What are the prime factors of (-225)/(-20) - d/(-8)?
11
What are the prime factors of 105066/18 + (-1)/(-2)*-6?
2, 2917
Let r = -40 - -4. List the prime factors of 185 - (16/(-9) - (-8)/r).
11, 17
Let i(p) be the third derivative of -7/6*p**3 + 0*p - 1/12*p**5 + 3/8*p**4 - p**2 - 1/120*p**6 + 0. List the prime factors of i(-7).
2, 7
Suppose 1147 = 4*i + 3*s - 0*s, 0 = i + s - 288. List the prime factors of i.
283
Suppose 2*a - 304 - 352 = h, 4*h = -3*a + 984. Suppose 2*l - a = -3*t, -l = 3*l + 4*t - 660. List the prime factors of l.
167
Let s(i) = -214*i - 338. List the prime factors of s(-13).
2, 13, 47
Let z(g) = 7*g**2 - 11*g - 14. What are the prime factors of z(10)?
2, 3
Let u be (-1690)/(-25) + (-4)/(-10). Suppose 4*b - 78 = j, 4*b + 4*j = b + u. Let y = b - 12. List the prime factors of y.
2
Let k be 88/66*18/8. Suppose 5*o - 650 = -2*d, k*d - 700 + 50 = -5*o. What are the prime factors of o?
2, 5, 13
Suppose 0*v - 8088 = -24*v. List the prime factors of v.
337
Let d = -10 - -14. Suppose 16 = 4*w, -d*w + 18 - 4 = -f. Suppose f*p = -26 + 72. List the prime factors of p.
23
Let r be (-6)/2 - (5 - 11) - 1. Suppose -3*y - l + 164 = 0, -104 = -r*y + 3*l - 5*l. List the prime factors of y.
2, 7
Let l(v) = -194*v - 38. What are the prime factors of l(-6)?
2, 563
List the prime factors of ((-36)/10 + -1)/(296/(-193880)).
23, 131
Suppose 5*f = -5*p + 55, -4*p - 4*f = f - 45. What are the prime factors of ((-166)/(-5))/(4/p)?
83
Suppose 0 = 2*o - 2, -t + 4*o = -4*t + 10. Suppose -t*a + 118 = -0*a. What are the prime factors of a?
59
Let s(v) be the first derivative of v**4/2 + 11*v**3/3 + v**2/2 - v - 7. Let f be s(-5). Let q = 3 + f. What are the prime factors of q?
2, 11
Suppose 6 = -y - 2*y - 3*a, y + 5*a = -10. Suppose -2*u + y*u + 106 = 0. Suppose p + 59 = 4*h, 4*h + 3*p - 2*p - u = 0. List the prime factors of h.
2, 7
Let g(c) = 76*c**2 - 2*c - 1. List the prime factors of g(-2).
307
Let p = -450 + 1480. List the prime factors of p.
2, 5, 103
Suppose 3*x = -5*v + 5015 + 3674, 2*v - x = 3469. What are the prime factors of v?
2, 7, 31
Let n = 37 + -34. Suppose n*z + 236 = 4*j, -2*j = -5*z + 4*z - 116. What are the prime factors of j?
2, 7
Let y(d) = d**3 + 13*d**2 + 20*d - 35. Let r be y(-11). Let j = r - -50. What are the prime factors of j?
37
Let a(o) = 35*o - 6. Let m(x) = x - 1. Let g(n) = a(n) - 5*m(n). Let j(t) = t**3 + 8*t**2 + t + 9. Let f be j(-8). List the prime factors of g(f).
29
Suppose -4*s + 430 = 46. Suppose 6*l + s = 7*l. Suppose 0 = -5*g - 1 + l. List the prime factors of g.
19
Suppose 0 = i + 140 + 53. Let t = 0 - i. List the prime factors of t.
193
Let p(m) = -3*m - 7. Let u be p(-6). Let b(y) = -11*y + 431. Let z be b(39). Suppose t + u = -d - z*d, -d = 5. List the prime factors of t.
2
Suppose 2598 = 5*p - t - 360, -2*p = -5*t - 1197. What are the prime factors of p?
3, 197
Suppose -4*x + 8*l - 3*l + 1538 = 0, 2*x - 3*l - 770 = 0. List the prime factors of x.
2, 191
Suppose 94*o + 7395 = 99*o. List the prime factors of o.
3, 17, 29
Let k = -825 + 3388. List the prime factors of k.
11, 233
Let k(c) = 4*c**3 - c**2 - c - 2. Let x be k(2). Let o = x - 14. List the prime factors of o.
2, 5
Suppose -7*l - 98705 = -26*l. What are the prime factors of l?
5, 1039
Suppose -j + 0*j + 6 = 0. Suppose -483 = -d - j*d. List the prime factors of d.
3, 23
Let j(i) = -3*i**3 + 6*i**2 - 4*i + 4. Let b(w) = 16*w**3 - 30*w**2 + 21*w - 20. Let k(p) = 2*b(p) + 11*j(p). What are the prime factors of k(5)?
19
Let n = 6284 - 1796. What are the prime factors of n?
2, 3, 11, 17
Let d(p) = -273*p - 574. What are the prime factors of d(-18)?
2, 5, 7, 31
Let k be (